 of (2*127)/((-96)/(-1152))?
2, 3, 127
Suppose 335 = 5*d - 245. Suppose 5*p - 396 = -d. What are the prime factors of p?
2, 7
List the prime factors of (-36 + -6)/(-7) + 88.
2, 47
Let s = 150 + 630. List the prime factors of s.
2, 3, 5, 13
Suppose -121 - 1777 = -5*y + 2*z, -2*z + 1126 = 3*y. What are the prime factors of y?
2, 3, 7
Let w(o) = 4404*o**2 + 33*o + 32. List the prime factors of w(-1).
7, 17, 37
Let y be 5/(-4)*(0 + -4). Suppose 70 = 2*a - 3*a - 2*z, -3*z = -y*a - 311. Let l = -20 - a. List the prime factors of l.
2, 11
Let x be (-1 + -1)*679/14. Let h = x - -185. What are the prime factors of h?
2, 11
Suppose -85 = 2*d - 7*d. Suppose 3*m - 17 = -3*s + 10, 0 = s + 5*m - 17. Let f = d - s. What are the prime factors of f?
2, 5
Let v = 7 - -20. Suppose 3*b - 468 = -v. List the prime factors of b.
3, 7
Let d be (-8)/(-6)*(3 - -15). Let i = 21 + d. Suppose -i = -2*v - v. List the prime factors of v.
3, 5
Suppose -42*n + 38*n = -2892. What are the prime factors of n?
3, 241
Let q = -3305 + 6251. List the prime factors of q.
2, 3, 491
Let m = -207 - -197. Suppose 463 = -3*r + 43. What are the prime factors of ((-36)/m)/((-21)/r)?
2, 3
Let s be ((-16)/(-5))/((-2)/(-15)). Let j = -72 + 75. Suppose -81 = -j*p - s. What are the prime factors of p?
19
List the prime factors of 14*(-977)/(-10) - (-54)/45.
37
Let f(n) = 60*n + 14. Let q be f(-2). Let m = 134 + q. List the prime factors of m.
2, 7
Let y(v) = v - 8. Let j be y(8). What are the prime factors of 18/(-63) + (121/7 - j)?
17
Suppose 5*s = -63*s + 76568. What are the prime factors of s?
2, 563
Let c = 12 + -8. Let m be (c + -14)*(-6)/(-4). Let y = 49 + m. List the prime factors of y.
2, 17
Let l = 1391 + -737. Suppose l = 8*h - 346. List the prime factors of h.
5
Let h = 504 + -165. List the prime factors of h.
3, 113
Suppose -4*f = -5*z + 6, 2*f - 7 - 1 = -3*z. Suppose 2*x = -5*b + 69, -3*b - z = -x + 5. What are the prime factors of x?
2, 11
Suppose -2*u = -382 - 572. Suppose 4*j - 20 = 0, 2*a + 5*j + 48 - u = 0. What are the prime factors of a?
2, 101
Suppose -5*l + 35 - 15 = 0. Let n(v) = -28*v + 6. Let g be n(-3). Suppose -6 = l*k - g. What are the prime factors of k?
3, 7
Suppose 0 = 4*c - 10*c + 3864. What are the prime factors of c?
2, 7, 23
Suppose z = 69 + 50. Suppose m - 37 = 4*i, 5*m = -0*i - 2*i + z. List the prime factors of m.
5
Let j(m) = -m**3 - 18*m**2 + 3. Let s be (-2)/9 - 1120/63. Let k be j(s). Suppose -k*a = -130 - 38. What are the prime factors of a?
2, 7
List the prime factors of -3 - -7 - (4 - (1199 + -1)).
2, 599
Let b(a) = 7 + 17*a + 21 - 18*a. What are the prime factors of b(-13)?
41
Suppose 0 = 32*g - 28*g - 3200. What are the prime factors of g?
2, 5
Let v be 2/2 + 2/(-2). Suppose 6*u - 103 - 143 = 0. Suppose -5*s + 2*h = -50, -3*s - h = -v*h - u. What are the prime factors of s?
2, 3
Suppose -85 = 4*p + 111. Let w = 0 - p. List the prime factors of w.
7
Let t(y) = 0*y**3 + 4*y + 4*y**3 - 5*y**2 - 3*y**3 - 5. What are the prime factors of t(5)?
3, 5
Let l = 44 + -47. What are the prime factors of 444/9*l/(-2)?
2, 37
Let n = 1169 - 675. What are the prime factors of n?
2, 13, 19
Suppose 5*b = 15, 0 = -2*x - 0*b + 2*b - 6. Suppose x = -c - 0*c + 22. What are the prime factors of c?
2, 11
Let b(w) = -156*w - 140. What are the prime factors of b(-8)?
2, 277
Suppose -2*r - r + 12 = 0. Suppose -r*b + 45 = -b. Let l = -9 + b. List the prime factors of l.
2, 3
Let d(b) = -23*b + 0 + 3 - 1 + 3*b**2 + 18*b. Suppose j - 2*f = -0*j + 7, 0 = -4*j + 4*f + 24. List the prime factors of d(j).
2, 13
What are the prime factors of 7/(-49) + (-45720)/(-21)?
7, 311
List the prime factors of 2478 + -1 + -51 + 55.
3, 827
Let o be 845/(-20) - 2/(-8). Let c = o + 52. What are the prime factors of c?
2, 5
Let u(o) = 2*o**2 - 24*o + 10. Let b be u(9). Let l = 116 - b. What are the prime factors of l?
2, 5
Suppose -56*f = -52*f - 4*y - 7008, 0 = -4*f - 3*y + 6987. What are the prime factors of f?
3, 11, 53
Let u(h) = -9*h - 12. Let i = -22 + 29. Suppose -i*q + 12 = -9*q. List the prime factors of u(q).
2, 3, 7
Suppose 2*x - 2322 = 3*w - 4*w, w - 2*x - 2342 = 0. List the prime factors of w.
2, 11, 53
Suppose 0 = -2*x + 221 + 55. What are the prime factors of x?
2, 3, 23
Let o(y) = -y**3 - 6*y**2 - 2*y - 8. Let r be o(-6). Suppose -2 = -r*n - 10. Let p(w) = 12*w**2 + 2*w + 2. List the prime factors of p(n).
2, 23
Let k(r) = -70*r + 26. Let l be k(-6). Suppose -2*o + 62 = 2*y - 152, 4*y - 2*o = l. List the prime factors of y.
2, 5, 11
Let u = 289 - 118. Suppose u - 32 = j - 3*c, c + 5 = 0. List the prime factors of j.
2, 31
Let p(q) = -208*q - 101. List the prime factors of p(-10).
1979
Suppose 13*y - 180 = 12*y. Suppose -y = -5*s + 95. List the prime factors of s.
5, 11
Suppose -3*b = -4 - 5. Suppose -2*z = -4, -2*v + 3*z + 4 = b*v. What are the prime factors of 3/3*v - -38?
2, 5
Let a = 17 - 17. Suppose -3*l - 5 - 40 = a. Let d = l - -42. What are the prime factors of d?
3
Let r be (-21)/(-28) + 6/(-8). Let m = r + -2. Let h(w) = -2*w**3 - 3*w**2 - w - 1. What are the prime factors of h(m)?
5
Suppose -r = 13 + 9. Let z = r + 27. Suppose 2*w + 4*d + 16 - 70 = 0, -135 = -z*w + d. List the prime factors of w.
3
Suppose -2*h = -2*t + 964, -2*t + 0*h - 2*h = -944. List the prime factors of t.
3, 53
Let s = 1093 + -444. What are the prime factors of s?
11, 59
Suppose 4*z = -5*o - 3, -3*o - o = -5*z - 14. Let m = 4 - o. Suppose 4*t + 95 = 5*n, m*n - 3*t + 38 = 4*n. List the prime factors of n.
23
Let g = -13 - -11. Let c be (1*-22)/(4/g). Let a = 25 - c. What are the prime factors of a?
2, 7
Let r(g) be the third derivative of 17*g**4/24 - 7*g**3/3 - 37*g**2. List the prime factors of r(6).
2, 11
Let x = 10 + -7. Let r(d) = d**2 - 2*d + 7. List the prime factors of r(x).
2, 5
Suppose 38001 = 49*r - 6638. List the prime factors of r.
911
Suppose 5*g - 10 = -0*g. What are the prime factors of 1461/19 + g/19?
7, 11
Let h = 339 - 214. What are the prime factors of h?
5
Suppose 2578 + 30 = 8*x. List the prime factors of x.
2, 163
Let g(l) = -6 - 11*l - 8*l + 26*l + 0. What are the prime factors of g(4)?
2, 11
Let y(v) = -v**3 - 3*v**2 + 6*v - 7. Let r be y(-5). Let d = r - -12. What are the prime factors of d?
5
Let d = -147 - -103. List the prime factors of 3894/d*(-4)/6.
59
Let h be (2 + 349/(-2))/((-1)/2). Suppose -f = 3*t + 2*f - h, -5*t + 4*f + 557 = 0. List the prime factors of t.
113
Suppose -50*q - 9804 = -64904. What are the prime factors of q?
2, 19, 29
Let m = -619 + 1079. Let k = m - 305. List the prime factors of k.
5, 31
Let a(o) = o**2 - 4*o. Let c be a(4). Suppose -b + 28 + 24 = c. Suppose 2*f - b = -5*g, 3*f + 0*f + 5*g = 68. What are the prime factors of f?
2
Let j = 334 + -212. List the prime factors of j.
2, 61
Let u(o) = 54*o + 35. List the prime factors of u(7).
7, 59
Suppose 5*j + 4*i - i = 3210, 0 = -j + i + 642. What are the prime factors of j?
2, 3, 107
Suppose 0 = -3*o + 8*o - 680. Suppose -q + o = 3*q. What are the prime factors of 3 - 1/((-2)/q)?
2, 5
Let s = -92 - -164. Let d = s + -13. What are the prime factors of d?
59
Let n = 7 - 5. Suppose -f + 179 = n*q - 22, 0 = 2*q + 3*f - 195. List the prime factors of q.
2, 3, 17
Suppose -128 = -4*c - 4*y, -4*y - 95 = -3*c - 6*y. Suppose 41 = 4*o - 23. Let g = c - o. List the prime factors of g.
3, 5
Suppose 7*d - 4*d = 6, -1 = k - 3*d. Suppose -2*j + 37 = k*r, 3*r = -3*j + 32 + 19. Let v = j + 10. What are the prime factors of v?
2, 13
Suppose -x = 2, -28*d + x = -30*d + 2376. What are the prime factors of d?
29, 41
Suppose -10 = -2*d, -10 = 2*q + q - 2*d. Suppose 5*x + q*x - 40 = 0. Suppose 3*f - 71 = -x. List the prime factors of f.
3, 7
Suppose -27*v + 6510 = -13659. List the prime factors of v.
3, 83
Let l(o) be the third derivative of o**4/24 + 71*o**3/6 + 8*o**2. What are the prime factors of l(0)?
71
Suppose -4*d = -4*x + 1072, 578 - 47 = 2*x - d. What are the prime factors of x?
263
Let f = 194 - 127. Suppose 0 = 3*o - 352 + f. List the prime factors of o.
5, 19
Let v(i) = -i**2 - 10*i + 2. Let d be v(-11). Let g = d + 178. What are the prime factors of g?
13
Let m(v) = -46*v + 1. Let o(y) = -45*y. Let p(d) = 4*m(d) - 3*o(d). List the prime factors of p(-5).
3, 83
Suppose 32*c - 37004 = 3*c. What are the prim